{"id":477,"date":"2020-11-30T11:19:35","date_gmt":"2020-11-30T10:19:35","guid":{"rendered":"http:\/\/peritusidea.com.pl\/?page_id=477"},"modified":"2021-03-22T15:02:47","modified_gmt":"2021-03-22T14:02:47","slug":"zyjac-w-ciszy-wsparcie-rodzin-osob-gluchych-i-slaboslyszacych","status":"publish","type":"page","link":"https:\/\/peritusidea.com.pl\/?page_id=477","title":{"rendered":"\u017byj\u0105c w ciszy &#8211; wsparcie rodzin os\u00f3b g\u0142uchych i s\u0142abos\u0142ysz\u0105cych"},"content":{"rendered":"\n<p><\/p>\n\n\n\n<p>Harmonogram poradnictwa:<\/p>\n\n\n\n<p>Zadanie 5 Poradnictwo<\/p>\n\n\n\n<p>22.03.2021 \u2013 doradztwo psychospo\u0142eczne, godziny: 16.30 \u2013 19.30,\nul. 11 Listopada 4\/5, Olsztyn<\/p>\n\n\n\n<p>23.03.2021 \u2013 doradztwo prawno-obywatelskie, godz.\n17.00-19.00, ul. 11 Listopada 4\/5, Olsztyn<\/p>\n\n\n\n<p>24.03.2021 \u2013 doradztwo psychologiczne, godz. 14.00-17.00, ul.\n11 Listopada 4\/5, Olsztyn<\/p>\n\n\n\n<p>25.03.2021 \u2013 doradztwo psychologiczne, godz. 15.30-18.30, ul.\n11 Listopada 4\/5, Olsztyn<\/p>\n\n\n\n<p>26.03.2021 \u2013 doradztwo psychospo\u0142eczne, godz. 15.00-17.00, ul.\n11 Listopada 4\/5, Olsztyn<\/p>\n\n\n\n<p>29.03.2021 &#8211; doradztwo prawno-obywatelskie, godz. 8.00-12.00,\n16.00-18.00, ul. 11 Listopada 4\/5, Olsztyn<\/p>\n\n\n\n<p>30.03.2021 &#8211; doradztwo prawno-obywatelskie, godz. 17.00-19.00,\nul. 11 Listopada 4\/5, Olsztyn<\/p>\n\n\n\n<p>31.03.2021 &#8211; doradztwo psychospo\u0142eczne, godz. 8.00-11.00, ul.\n11 Listopada 4\/5, Olsztyn<\/p>\n\n\n\n<p><\/p>\n\n\n\n<p><strong>Rekrutacja<\/strong><\/p>\n\n\n\n<p>Serdecznie zapraszamy do udzia\u0142u w projekcie.<\/p>\n\n\n\n<p>Projekt skierowany jest dla min. 10 rodzin, w kt\u00f3rych s\u0105 osoby niepe\u0142nosprawne  ze wzgl\u0119du na dysfunkcj\u0119 narz\u0105du s\u0142uchu, obejmuj\u0105cych 36 os\u00f3b (25K, 11M) zamieszka\u0142ych na terenie Miasta Olsztyna, Gmin: Barczewo, Dywity, Gietrzwa\u0142d, Jonkowo, Purda i Stawiguda<\/p>\n\n\n\n<p><\/p>\n\n\n\n<p>Projekt realizujemy w okresie 01.10.2020 -28.02.2022<\/p>\n\n\n\n<p>Oferujemy:<\/p>\n\n\n\n<p><strong>Spotkania w ramach grupy samopomocowej<\/strong><\/p>\n\n\n\n<p><strong>Kurs j. polskiego<\/strong> dla os\u00f3b z niepe\u0142nosprawno\u015bci\u0105 s\u0142uchu &#8211; 156 godzin<\/p>\n\n\n\n<p><strong>Kurs j. migowego<\/strong> dla cz\u0142onk\u00f3w rodzin, w kt\u00f3rych sa osoby g\u0142uche &#8211; 156 godzin<\/p>\n\n\n\n<p><strong>Us\u0142ugi asystenckie<\/strong> t\u0142umaczy j. migowego <\/p>\n\n\n\n<p><strong>Doradztwo psychologiczne<\/strong><\/p>\n\n\n\n<p><strong>Doradztwo prawno-obywatelskie<\/strong><\/p>\n\n\n\n<p><strong>Trening umiej\u0119tno\u015bci psychospo\u0142ecznych<\/strong><\/p>\n\n\n\n<p><strong>3-dniowe warsztaty wyjazdowe:<\/strong><\/p>\n\n\n\n<ul class=\"wp-block-list\"><li>trening umiej\u0119tno\u015bci psychospo\u0142ecznych<\/li><li>warsztaty animacja czasu wolnego, r\u00f3\u017cne mo\u017cliwo\u015bci rodzinnego sp\u0119dzania czasu<\/li><li>warsztaty nt. prawid\u0142owego funkcjonowania rodziny<\/li><\/ul>\n\n\n\n<p><strong>3-dniowe warsztaty stacjonarne<\/strong>:<\/p>\n\n\n\n<ul class=\"wp-block-list\"><li>warsztaty hortiterapia<\/li><li>trening asertywno\u015bci, warsztaty z savoir vivre i wizerunku<\/li><li>warsztaty carving i zdrowe od\u017cywianie<\/li><\/ul>\n\n\n\n<p>Poni\u017cej do pobrania&nbsp;<strong>dokumenty rekrutacyjne<\/strong><\/p>\n\n\n\n<div class=\"wp-block-file\"><a href=\"http:\/\/peritusidea.com.pl\/wp-content\/uploads\/2020\/11\/Formularz-zg\u0142oszeniowy_ZWC.docx\">Formularz-zg\u0142oszeniowy_ZWC<\/a><a href=\"http:\/\/peritusidea.com.pl\/wp-content\/uploads\/2020\/11\/Formularz-zg\u0142oszeniowy_ZWC.docx\" class=\"wp-block-file__button\" download>Pobierz<\/a><\/div>\n\n\n\n<div class=\"wp-block-file\"><a href=\"http:\/\/peritusidea.com.pl\/wp-content\/uploads\/2020\/11\/O\u015bwiadczenie-RODO_ZWC.docx\">O\u015bwiadczenie-RODO_ZWC<\/a><a href=\"http:\/\/peritusidea.com.pl\/wp-content\/uploads\/2020\/11\/O\u015bwiadczenie-RODO_ZWC.docx\" class=\"wp-block-file__button\" download>Pobierz<\/a><\/div>\n","protected":false},"excerpt":{"rendered":"<p>Harmonogram poradnictwa: Zadanie 5 Poradnictwo 22.03.2021 \u2013 doradztwo psychospo\u0142eczne, godziny: 16.30 \u2013 19.30, ul. 11 Listopada 4\/5, Olsztyn 23.03.2021 \u2013 doradztwo prawno-obywatelskie, godz. 17.00-19.00, ul. 11 Listopada 4\/5, Olsztyn 24.03.2021 \u2013 doradztwo<a class=\"moretag\" href=\"https:\/\/peritusidea.com.pl\/?page_id=477\">Read More&#8230;<\/a><\/p>\n","protected":false},"author":1,"featured_media":0,"parent":0,"menu_order":0,"comment_status":"closed","ping_status":"closed","template":"","meta":{"footnotes":""},"class_list":["post-477","page","type-page","status-publish","hentry"],"_links":{"self":[{"href":"https:\/\/peritusidea.com.pl\/index.php?rest_route=\/wp\/v2\/pages\/477"}],"collection":[{"href":"https:\/\/peritusidea.com.pl\/index.php?rest_route=\/wp\/v2\/pages"}],"about":[{"href":"https:\/\/peritusidea.com.pl\/index.php?rest_route=\/wp\/v2\/types\/page"}],"author":[{"embeddable":true,"href":"https:\/\/peritusidea.com.pl\/index.php?rest_route=\/wp\/v2\/users\/1"}],"replies":[{"embeddable":true,"href":"https:\/\/peritusidea.com.pl\/index.php?rest_route=%2Fwp%2Fv2%2Fcomments&post=477"}],"version-history":[{"count":3,"href":"https:\/\/peritusidea.com.pl\/index.php?rest_route=\/wp\/v2\/pages\/477\/revisions"}],"predecessor-version":[{"id":500,"href":"https:\/\/peritusidea.com.pl\/index.php?rest_route=\/wp\/v2\/pages\/477\/revisions\/500"}],"wp:attachment":[{"href":"https:\/\/peritusidea.com.pl\/index.php?rest_route=%2Fwp%2Fv2%2Fmedia&parent=477"}],"curies":[{"name":"wp","href":"https:\/\/api.w.org\/{rel}","templated":true}]}}